{"id":138,"date":"2017-11-07T14:44:47","date_gmt":"2017-11-07T14:44:47","guid":{"rendered":"https:\/\/valles.se.loopiadns.com\/?page_id=138"},"modified":"2020-04-10T14:21:48","modified_gmt":"2020-04-10T12:21:48","slug":"miljo-kvalitet","status":"publish","type":"page","link":"https:\/\/valles.se\/?page_id=138","title":{"rendered":"Milj\u00f6- &#038; Kvalitet"},"content":{"rendered":"<p>[et_pb_section fb_built=&#8221;1&#8243; background_color=&#8221;#3a3a3a&#8221; _builder_version=&#8221;3.0.86&#8243; use_background_color_gradient=&#8221;on&#8221; background_color_gradient_start=&#8221;#0e632f&#8221; background_image=&#8221;https:\/\/valles.se\/wp-content\/uploads\/2017\/11\/valles-header3.jpg&#8221; parallax=&#8221;on&#8221; custom_padding=&#8221;130px|0px|130px|0px&#8221;][et_pb_row _builder_version=&#8221;3.0.86&#8243; background_size=&#8221;initial&#8221; background_position=&#8221;top_left&#8221; background_repeat=&#8221;repeat&#8221;][et_pb_column type=&#8221;4_4&#8243; _builder_version=&#8221;3.0.47&#8243; parallax=&#8221;off&#8221; parallax_method=&#8221;on&#8221;][et_pb_text background_layout=&#8221;dark&#8221; admin_label=&#8221;Text&#8221; _builder_version=&#8221;3.0.86&#8243; text_font=&#8221;Asap Condensed||||||||&#8221; header_font=&#8221;Asap Condensed|||on|||||&#8221; header_text_align=&#8221;center&#8221; header_font_size=&#8221;95px&#8221; header_text_shadow_style=&#8221;preset3&#8243; header_text_shadow_color=&#8221;rgba(0,0,0,0.7)&#8221; background_size=&#8221;initial&#8221; background_position=&#8221;top_left&#8221; background_repeat=&#8221;repeat&#8221; text_orientation=&#8221;center&#8221; module_alignment=&#8221;center&#8221;]<\/p>\n<h1 class=\"et_pb_module_header et-fb-editable-element et-fb-editable-element__editing\" contenteditable=\"true\" data-shortcode-id=\"1.0.0.0-1510123621989\">MILJ\u00d6- OCH KVALITEt<\/h1>\n<p>[\/et_pb_text][\/et_pb_column][\/et_pb_row][\/et_pb_section][et_pb_section fb_built=&#8221;1&#8243; _builder_version=&#8221;3.0.86&#8243; custom_padding=&#8221;54px|0px|21px|0px&#8221;][et_pb_row custom_padding=&#8221;27px|0px|0px|0px&#8221; _builder_version=&#8221;3.0.86&#8243;][et_pb_column type=&#8221;2_3&#8243; _builder_version=&#8221;3.0.86&#8243; parallax=&#8221;off&#8221; parallax_method=&#8221;on&#8221;][et_pb_text _builder_version=&#8221;3.0.86&#8243;]<\/p>\n<p><strong>V\u00e5ra tj\u00e4nster och produkter ska \u00f6verensst\u00e4mma med kundens uttalade f\u00f6rv\u00e4ntningar, behov, avtalade specifikationer och g\u00e4llande f\u00f6rfattningar. Det \u00e4r en sj\u00e4lvklarhet f\u00f6r oss att h\u00e5lla oss informerade om och f\u00f6lja inneh\u00e5ll i lagar, f\u00f6rordningar och andra krav som ber\u00f6r v\u00e5r verksamhet. Vi str\u00e4var efter att \u00f6vertr\u00e4ffa kundens f\u00f6rv\u00e4ntningar och erbjuda b\u00e4ttre l\u00f6sningar \u00e4n konkurrerande alternativ.<\/strong><\/p>\n<p>Vi arbetar f\u00f6r \u00f6kad \u00e5tervinning av material och utrustning samt f\u00f6r minimerad milj\u00f6p\u00e5verkan fr\u00e5n kemikalier och transporter samt att f\u00f6rb\u00e4ttra v\u00e5rt milj\u00f6- och kvalitetsarbete s\u00e5 l\u00e5ngt det \u00e4r tekniskt och ekonomiskt m\u00f6jligt.<\/p>\n<p>Allt v\u00e5rt agerande skall pr\u00e4glas av kretsloppst\u00e4nkande s\u00e5 att vi, v\u00e5ra kunder och leverant\u00f6rer minimerar milj\u00f6p\u00e5verkan.<\/p>\n<p>Fortbildning och personalutveckling \u00e4r ett naturligt led i f\u00f6retagets ambition att kontinuerligt h\u00f6ja kompetensen och medvetenheten i kvalitets- och milj\u00f6fr\u00e5gor hos v\u00e5ra anst\u00e4llda.<\/p>\n<p>[\/et_pb_text][\/et_pb_column][et_pb_column type=&#8221;1_3&#8243; _builder_version=&#8221;3.0.86&#8243; parallax=&#8221;off&#8221; parallax_method=&#8221;on&#8221;][et_pb_image src=&#8221;https:\/\/valles.se\/wp-content\/uploads\/2020\/04\/DSC_0928-scaled.jpg&#8221; _builder_version=&#8221;3.0.86&#8243;][\/et_pb_image][\/et_pb_column][\/et_pb_row][et_pb_row custom_padding=&#8221;51px|0px|0px|0px&#8221; _builder_version=&#8221;3.0.86&#8243;][et_pb_column type=&#8221;4_4&#8243; _builder_version=&#8221;3.0.86&#8243; parallax=&#8221;off&#8221; parallax_method=&#8221;on&#8221;][et_pb_divider color=&#8221;#dbdbdb&#8221; show_divider=&#8221;on&#8221; _builder_version=&#8221;3.0.86&#8243;][\/et_pb_divider][\/et_pb_column][\/et_pb_row][et_pb_row custom_padding=&#8221;27px|0px|0px|0px&#8221; _builder_version=&#8221;3.0.86&#8243;][et_pb_column type=&#8221;1_3&#8243; _builder_version=&#8221;3.0.86&#8243; parallax=&#8221;off&#8221; parallax_method=&#8221;on&#8221;][et_pb_image src=&#8221;https:\/\/valles.se\/wp-content\/uploads\/2020\/04\/20160501_184345747_iOS-scaled.jpg&#8221; _builder_version=&#8221;3.0.86&#8243;][\/et_pb_image][\/et_pb_column][et_pb_column type=&#8221;2_3&#8243; _builder_version=&#8221;3.0.86&#8243; parallax=&#8221;off&#8221; parallax_method=&#8221;on&#8221;][et_pb_text _builder_version=&#8221;3.0.86&#8243;]<\/p>\n<p><strong>V\u00e5rt \u00f6vergripande m\u00e5l \u00e4r uppr\u00e4tth\u00e5lla en h\u00f6g standard p\u00e5 arbetsmilj\u00f6n och att f\u00f6rebygga oh\u00e4lsa och olycksfall. Arbetsf\u00f6rh\u00e5llandena ska s\u00e5 l\u00e5ngt det \u00e4r m\u00f6jligt anpassas till medarbetarnas olika f\u00f6ruts\u00e4ttningar i fysiskt och psykiskt h\u00e4nseende.<\/strong><\/p>\n<p>Varje arbetare har ett personligt ansvar f\u00f6r h\u00e4lsa och milj\u00f6 och det ankommer p\u00e5 var och en att inte bara f\u00f6lja instruktioner och rutiner utan ocks\u00e5 vara uppm\u00e4rksam p\u00e5 och genast rapportera eventuella risker och hot mot en god arbetsmilj\u00f6.<\/p>\n<p>Varje medarbetare har ocks\u00e5 ansvar att ta del av den information som finns tillg\u00e4nglig.<\/p>\n<p>Vid arbete utanf\u00f6r v\u00e5ra lokaler har var och en ansvar f\u00f6r att informera sig om eventuella risker och dels att vidta de skydds\u00e5tg\u00e4rder som erfordras. N\u00e4r delegering av arbetsuppgifter sker skall inblandade parter vara v\u00e4l insatta i vad arbetsuppgifterna inneb\u00e4r. Beslut i fr\u00e5gor som r\u00f6r arbetsmilj\u00f6n skall ske i samr\u00e5d med anst\u00e4llda.<\/p>\n<p>[\/et_pb_text][\/et_pb_column][\/et_pb_row][\/et_pb_section][et_pb_section fb_built=&#8221;1&#8243; _builder_version=&#8221;3.0.86&#8243; custom_padding=&#8221;0px|0px|54px|0px&#8221;][\/et_pb_section][et_pb_section fb_built=&#8221;1&#8243; background_color=&#8221;#f7f7f7&#8243; _builder_version=&#8221;3.0.47&#8243;][et_pb_row custom_padding=&#8221;27px|0px|27px|0px&#8221; _builder_version=&#8221;3.0.47&#8243; background_size=&#8221;initial&#8221; background_position=&#8221;top_left&#8221; background_repeat=&#8221;repeat&#8221;][et_pb_column type=&#8221;4_4&#8243; _builder_version=&#8221;3.0.47&#8243; parallax=&#8221;off&#8221; parallax_method=&#8221;on&#8221;][et_pb_cta title=&#8221;Intressant?&#8221; button_url=&#8221;\/om-oss\/kontakt\/&#8221; button_text=&#8221;Kontakta oss&#8221; use_background_color=&#8221;off&#8221; background_layout=&#8221;light&#8221; admin_label=&#8221;Call To Action&#8221; _builder_version=&#8221;3.0.86&#8243; header_font=&#8221;Asap|600|||||||&#8221; header_font_size=&#8221;46px&#8221; background_size=&#8221;initial&#8221; background_position=&#8221;top_left&#8221; background_repeat=&#8221;repeat&#8221;][\/et_pb_cta][\/et_pb_column][\/et_pb_row][\/et_pb_section]<\/p>\n","protected":false},"excerpt":{"rendered":"<p>MILJ\u00d6- OCH KVALITEtV\u00e5ra tj\u00e4nster och produkter ska \u00f6verensst\u00e4mma med kundens uttalade f\u00f6rv\u00e4ntningar, behov, avtalade specifikationer och g\u00e4llande f\u00f6rfattningar. Det \u00e4r en sj\u00e4lvklarhet f\u00f6r oss att h\u00e5lla oss informerade om och f\u00f6lja inneh\u00e5ll i lagar, f\u00f6rordningar och andra krav som ber\u00f6r v\u00e5r verksamhet. Vi str\u00e4var efter att \u00f6vertr\u00e4ffa kundens f\u00f6rv\u00e4ntningar och erbjuda b\u00e4ttre l\u00f6sningar \u00e4n konkurrerande [&hellip;]<\/p>\n","protected":false},"author":1,"featured_media":0,"parent":45,"menu_order":1,"comment_status":"closed","ping_status":"closed","template":"","meta":{"_et_pb_use_builder":"on","_et_pb_old_content":"","_et_gb_content_width":"","footnotes":""},"class_list":["post-138","page","type-page","status-publish","hentry"],"yoast_head":"<!-- This site is optimized with the Yoast SEO plugin v27.4 - https:\/\/yoast.com\/product\/yoast-seo-wordpress\/ -->\n<title>Milj\u00f6- &amp; Kvalitet - valles.se<\/title>\n<meta name=\"robots\" content=\"index, follow, max-snippet:-1, max-image-preview:large, max-video-preview:-1\" \/>\n<link rel=\"canonical\" href=\"https:\/\/valles.se\/?page_id=138\" \/>\n<meta property=\"og:locale\" content=\"sv_SE\" \/>\n<meta property=\"og:type\" content=\"article\" \/>\n<meta property=\"og:title\" content=\"Milj\u00f6- &amp; Kvalitet - valles.se\" \/>\n<meta property=\"og:description\" content=\"MILJ\u00d6- OCH KVALITEtV\u00e5ra tj\u00e4nster och produkter ska \u00f6verensst\u00e4mma med kundens uttalade f\u00f6rv\u00e4ntningar, behov, avtalade specifikationer och g\u00e4llande f\u00f6rfattningar. Det \u00e4r en sj\u00e4lvklarhet f\u00f6r oss att h\u00e5lla oss informerade om och f\u00f6lja inneh\u00e5ll i lagar, f\u00f6rordningar och andra krav som ber\u00f6r v\u00e5r verksamhet. Vi str\u00e4var efter att \u00f6vertr\u00e4ffa kundens f\u00f6rv\u00e4ntningar och erbjuda b\u00e4ttre l\u00f6sningar \u00e4n konkurrerande [&hellip;]\" \/>\n<meta property=\"og:url\" content=\"https:\/\/valles.se\/?page_id=138\" \/>\n<meta property=\"og:site_name\" content=\"valles.se\" \/>\n<meta property=\"article:modified_time\" content=\"2020-04-10T12:21:48+00:00\" \/>\n<meta name=\"twitter:card\" content=\"summary_large_image\" \/>\n<meta name=\"twitter:label1\" content=\"Ber\u00e4knad l\u00e4stid\" \/>\n\t<meta name=\"twitter:data1\" content=\"4 minuter\" \/>\n<script type=\"application\/ld+json\" class=\"yoast-schema-graph\">{\"@context\":\"https:\\\/\\\/schema.org\",\"@graph\":[{\"@type\":\"WebPage\",\"@id\":\"https:\\\/\\\/valles.se\\\/?page_id=138\",\"url\":\"https:\\\/\\\/valles.se\\\/?page_id=138\",\"name\":\"Milj\u00f6- & Kvalitet - valles.se\",\"isPartOf\":{\"@id\":\"https:\\\/\\\/valles.se\\\/#website\"},\"datePublished\":\"2017-11-07T14:44:47+00:00\",\"dateModified\":\"2020-04-10T12:21:48+00:00\",\"breadcrumb\":{\"@id\":\"https:\\\/\\\/valles.se\\\/?page_id=138#breadcrumb\"},\"inLanguage\":\"sv-SE\",\"potentialAction\":[{\"@type\":\"ReadAction\",\"target\":[\"https:\\\/\\\/valles.se\\\/?page_id=138\"]}]},{\"@type\":\"BreadcrumbList\",\"@id\":\"https:\\\/\\\/valles.se\\\/?page_id=138#breadcrumb\",\"itemListElement\":[{\"@type\":\"ListItem\",\"position\":1,\"name\":\"Hem\",\"item\":\"https:\\\/\\\/valles.se\\\/\"},{\"@type\":\"ListItem\",\"position\":2,\"name\":\"Om Valles\",\"item\":\"https:\\\/\\\/valles.se\\\/?page_id=45\"},{\"@type\":\"ListItem\",\"position\":3,\"name\":\"Milj\u00f6- &#038; Kvalitet\"}]},{\"@type\":\"WebSite\",\"@id\":\"https:\\\/\\\/valles.se\\\/#website\",\"url\":\"https:\\\/\\\/valles.se\\\/\",\"name\":\"valles.se\",\"description\":\"I goda h\u00e4nder om det h\u00e4nder\",\"potentialAction\":[{\"@type\":\"SearchAction\",\"target\":{\"@type\":\"EntryPoint\",\"urlTemplate\":\"https:\\\/\\\/valles.se\\\/?s={search_term_string}\"},\"query-input\":{\"@type\":\"PropertyValueSpecification\",\"valueRequired\":true,\"valueName\":\"search_term_string\"}}],\"inLanguage\":\"sv-SE\"}]}<\/script>\n<!-- \/ Yoast SEO plugin. -->","yoast_head_json":{"title":"Milj\u00f6- & Kvalitet - valles.se","robots":{"index":"index","follow":"follow","max-snippet":"max-snippet:-1","max-image-preview":"max-image-preview:large","max-video-preview":"max-video-preview:-1"},"canonical":"https:\/\/valles.se\/?page_id=138","og_locale":"sv_SE","og_type":"article","og_title":"Milj\u00f6- & Kvalitet - valles.se","og_description":"MILJ\u00d6- OCH KVALITEtV\u00e5ra tj\u00e4nster och produkter ska \u00f6verensst\u00e4mma med kundens uttalade f\u00f6rv\u00e4ntningar, behov, avtalade specifikationer och g\u00e4llande f\u00f6rfattningar. Det \u00e4r en sj\u00e4lvklarhet f\u00f6r oss att h\u00e5lla oss informerade om och f\u00f6lja inneh\u00e5ll i lagar, f\u00f6rordningar och andra krav som ber\u00f6r v\u00e5r verksamhet. Vi str\u00e4var efter att \u00f6vertr\u00e4ffa kundens f\u00f6rv\u00e4ntningar och erbjuda b\u00e4ttre l\u00f6sningar \u00e4n konkurrerande [&hellip;]","og_url":"https:\/\/valles.se\/?page_id=138","og_site_name":"valles.se","article_modified_time":"2020-04-10T12:21:48+00:00","twitter_card":"summary_large_image","twitter_misc":{"Ber\u00e4knad l\u00e4stid":"4 minuter"},"schema":{"@context":"https:\/\/schema.org","@graph":[{"@type":"WebPage","@id":"https:\/\/valles.se\/?page_id=138","url":"https:\/\/valles.se\/?page_id=138","name":"Milj\u00f6- & Kvalitet - valles.se","isPartOf":{"@id":"https:\/\/valles.se\/#website"},"datePublished":"2017-11-07T14:44:47+00:00","dateModified":"2020-04-10T12:21:48+00:00","breadcrumb":{"@id":"https:\/\/valles.se\/?page_id=138#breadcrumb"},"inLanguage":"sv-SE","potentialAction":[{"@type":"ReadAction","target":["https:\/\/valles.se\/?page_id=138"]}]},{"@type":"BreadcrumbList","@id":"https:\/\/valles.se\/?page_id=138#breadcrumb","itemListElement":[{"@type":"ListItem","position":1,"name":"Hem","item":"https:\/\/valles.se\/"},{"@type":"ListItem","position":2,"name":"Om Valles","item":"https:\/\/valles.se\/?page_id=45"},{"@type":"ListItem","position":3,"name":"Milj\u00f6- &#038; Kvalitet"}]},{"@type":"WebSite","@id":"https:\/\/valles.se\/#website","url":"https:\/\/valles.se\/","name":"valles.se","description":"I goda h\u00e4nder om det h\u00e4nder","potentialAction":[{"@type":"SearchAction","target":{"@type":"EntryPoint","urlTemplate":"https:\/\/valles.se\/?s={search_term_string}"},"query-input":{"@type":"PropertyValueSpecification","valueRequired":true,"valueName":"search_term_string"}}],"inLanguage":"sv-SE"}]}},"_links":{"self":[{"href":"https:\/\/valles.se\/index.php?rest_route=\/wp\/v2\/pages\/138","targetHints":{"allow":["GET"]}}],"collection":[{"href":"https:\/\/valles.se\/index.php?rest_route=\/wp\/v2\/pages"}],"about":[{"href":"https:\/\/valles.se\/index.php?rest_route=\/wp\/v2\/types\/page"}],"author":[{"embeddable":true,"href":"https:\/\/valles.se\/index.php?rest_route=\/wp\/v2\/users\/1"}],"replies":[{"embeddable":true,"href":"https:\/\/valles.se\/index.php?rest_route=%2Fwp%2Fv2%2Fcomments&post=138"}],"version-history":[{"count":21,"href":"https:\/\/valles.se\/index.php?rest_route=\/wp\/v2\/pages\/138\/revisions"}],"predecessor-version":[{"id":480,"href":"https:\/\/valles.se\/index.php?rest_route=\/wp\/v2\/pages\/138\/revisions\/480"}],"up":[{"embeddable":true,"href":"https:\/\/valles.se\/index.php?rest_route=\/wp\/v2\/pages\/45"}],"wp:attachment":[{"href":"https:\/\/valles.se\/index.php?rest_route=%2Fwp%2Fv2%2Fmedia&parent=138"}],"curies":[{"name":"wp","href":"https:\/\/api.w.org\/{rel}","templated":true}]}}